679?
9
What is the hundred thousands digit of 55962250?
9
What is the thousands digit of 78698192?
8
What is the hundred thousands digit of 239459823?
4
What is the units digit of 61141777?
7
What is the units digit of 3572308531?
1
What is the units digit of 3904435?
5
What is the hundred thousands digit of 55331590?
3
What is the hundred millions digit of 5002736691?
0
What is the ten millions digit of 244401797?
4
What is the ten millions digit of 2157627645?
5
What is the hundreds digit of 40059404?
4
What is the hundred millions digit of 800464667?
8
What is the tens digit of 25945833?
3
What is the units digit of 4932054252?
2
What is the millions digit of 1900312077?
0
What is the units digit of 27318269?
9
What is the units digit of 3270727?
7
What is the hundreds digit of 886540201?
2
What is the thousands digit of 169123204?
3
What is the millions digit of 77923227?
7
What is the hundred thousands digit of 4955139115?
1
What is the thousands digit of 137740519?
0
What is the ten millions digit of 32894747?
3
What is the ten thousands digit of 138679618?
7
What is the hundred millions digit of 2744307876?
7
What is the hundred thousands digit of 291272271?
2
What is the ten millions digit of 21493774?
2
What is the tens digit of 710994?
9
What is the units digit of 613700193?
3
What is the millions digit of 56782815?
6
What is the tens digit of 49234523?
2
What is the thousands digit of 241959078?
9
What is the ten millions digit of 118632691?
1
What is the thousands digit of 295899992?
9
What is the millions digit of 21712635?
1
What is the hundreds digit of 1569088169?
1
What is the hundred millions digit of 899291651?
8
What is the millions digit of 58590460?
8
What is the millions digit of 94566694?
4
What is the millions digit of 18748300?
8
What is the tens digit of 6895035755?
5
What is the hundred thousands digit of 904099489?
0
What is the thousands digit of 67760302?
0
What is the tens digit of 14937675?
7
What is the tens digit of 5358240397?
9
What is the units digit of 416750682?
2
What is the billions digit of 1176271162?
1
What is the hundreds digit of 288223138?
1
What is the millions digit of 51132072?
1
What is the tens digit of 61615757?
5
What is the thousands digit of 64602755?
2
What is the thousands digit of 198919498?
9
What is the tens digit of 6068150671?
7
What is the millions digit of 2302069640?
2
What is the hundreds digit of 52733850?
8
What is the millions digit of 365138834?
5
What is the hundred thousands digit of 45597103?
5
What is the hundred thousands digit of 136248364?
2
What is the millions digit of 37412319?
7
What is the hundred thousands digit of 71610146?
6
What is the hundreds digit of 3513940727?
7
What is the hundred thousands digit of 8846081?
8
What is the millions digit of 91123571?
1
What is the ten millions digit of 5547802062?
4
What is the hundred millions digit of 1999434910?
9
What is the millions digit of 45309993?
5
What is the ten thousands digit of 2091572929?
7
What is the ten millions digit of 16204457?
1
What is the hundred millions digit of 238115660?
2
What is the millions digit of 706907165?
6
What is the hundreds digit of 76749498?
4
What is the tens digit of 1811263?
6
What is the hundreds digit of 77571437?
4
What is the units digit of 38924346?
6
What is the ten thousands digit of 50732287?
3
What is the ten thousands digit of 67664296?
6
What is the ten thousands digit of 306966961?
6
What is the millions digit of 112093540?
2
What is the units digit of 674130291?
1
What is the hundreds digit of 695680537?
5
What is the units digit of 48630839?
9
What is the thousands digit of 22602434?
2
What is the tens digit of 452938524?
2
What is the hundred thousands digit of 380651200?
6
What is the ten millions digit of 373215551?
7
What is the ten thousands digit of 17955629?
5
What is the ten millions digit of 42328422?
4
What is the units digit of 205750587?
7
What is the thousands digit of 119867385?
7
What is the thousands digit of 501140636?
0
What is the hundred thousands digit of 119892053?
8
What is the hundred thousands digit of 45413235?
4
What is the ten thousands digit of 56111150?
1
What is the tens digit of 17746640?
4
What is the hundred thousands digit of 22035511?
0
What is the ten thousands digit of 348169483?
6
What is the hundreds digit of 282437532?
5
What is the ten thousands digit of 2392968042?
6
What is the hundreds digit of 330733134?
1
What is the hundred thousands digit of 763689368?
6
What is the hundred millions digit of 283013951?
2
What is the millions digit of 6633166196?
3
What is the ten thousands digit of 1328173676?
7
What is the units digit of 298936071?
1
What is the ten millions digit of 161651418?
6
What is the hundred thousands digit of 2427552638?
5
What is the hundreds digit of 708795387?
3
What is the hundred thousands digit of 52109875?
1
What is the thousands digit of 4290664487?
4
What is the thousands digit of 57674841?
4
What is the tens digit of 341107821?
2
What is the tens digit of 211200332?
3
What is the units digit of 101659860?
0
What is the hundreds digit of 95153161?
1
What is the hundred millions digit of 610102137?
6
What is the hundreds digit of 110655904?
9
What is the tens digit of 276779941?
4
What is the ten millions digit of 510527749?
1
What is the ten millions digit of 872005106?
7
What is the tens digit of 2851142075?
7
What is the hundred millions digit of 119402271?
1
What is the units digit of 6273842597?
7
What is the ten millions digit of 30740789?
3
What is the units digit of 955756733?
3
What is the millions digit of 141354106?
1
What is the thousands digit of 315992989?
2
What is the millions digit of 913704661?
3
What is the hundred thousands digit of 17642140?
6
What is the millions digit of 28388145?
8
What is the ten thousands digit of 435722458?
2
What is the units digit of 451921041?
1
What is the hundreds digit of 106441433?
4
What is the millions digit of 947783494?
7
What is the hundred millions digit of 255928761?
2
What is the thousands digit of 22787028?
7
What is the ten millions digit of 145187712?
4
What is the hundred thousands digit of 3897051?
8
What is the hundred thousands digit of 82786962?
7
What is the units digit of 552362609?
9
What is the units digit of 186550288?
8
What is the hundred thousands digit of 912766296?
7
What is the tens digit of 229935682?
8
What is the tens digit of 66168518?
1
What is the millions digit of 4145202016?
5
What is the ten thousands digit of 663583405?
8
What is the hundreds digit of 1424548395?
3
What is the units digit of 468319097?
7
What is the tens digit of 1187117341?
4
What is the hundred thousands digit of 1240469028?
4
What is the hundred thousands digit of 150240808?
2
What is the tens digit of 103377775?
7
What is the ten millions digit of 6672818048?
7
What is the units digit of 538865978?
8
What is the millions digit of 2724599164?
4
What is the hundred thousands digit of 3500663209?
6
What is the ten thousands digit of 335937752?
3
What is the hundreds digit of 104954899?
8
What is the hundred millions digit of 5775046267?
7
What is the ten thousands digit of 406835155?
3
What is the hundreds digit of 222343883?
8
What is the ten millions digit of 243841757?
4
What is the units digit of 619508825?
5
What is the tens digit of 33417037?
3
What is the units digit of 372684822?
2
What is the hundreds digit of 222712133?
1
What is the tens digit of 2863156108?
0
What is the hundred millions digit of 103017856?
1
What is the ten thousands digit of 3275924926?
2
What is the thousands digit of 656167741?
7
What is the hundreds digit of 468667893?
8
What is the hundred thousands digit of 303766912?
7
What is the thousands digit of 180185575?
5
What is the ten thousands digit of 35427037?
2
What is the millions digit of 8041076?
8
What is the tens digit of 41498670?
7
What is the ten millions digit of 1945830785?
4
What is the hundred millions digit of 3331116971?
3
What is the hundred millions digit of 571946163?
5
What is the units digit of 46322216?
6
What is the ten millions digit of 1312451540?
1
What is the ten thousands digit of 27259947?
5
What is the thousands digit of 56623863?
3
What is the ten thousands digit of 22406426